{"id":529,"date":"2017-08-07T16:42:32","date_gmt":"2017-08-07T14:42:32","guid":{"rendered":"http:\/\/pujos-photographie.fr\/?page_id=529"},"modified":"2017-08-07T20:33:45","modified_gmt":"2017-08-07T18:33:45","slug":"lhorizon-des-evenements","status":"publish","type":"page","link":"https:\/\/pujos-photographie.fr\/index.php\/lhorizon-des-evenements\/","title":{"rendered":"L&#8217;HORIZON DES EVENEMENTS"},"content":{"rendered":"<h3 style=\"text-align: center;\"><span style=\"font-family: ArialMT, sans-serif;\"><img loading=\"lazy\" class=\"aligncenter size-full wp-image-637\" src=\"http:\/\/pujos-photographie.fr\/wp-content\/uploads\/2017\/08\/roland-gorille_164x205_test1_WP.jpg\" alt=\"\" width=\"624\" height=\"831\" srcset=\"https:\/\/pujos-photographie.fr\/wp-content\/uploads\/2017\/08\/roland-gorille_164x205_test1_WP.jpg 624w, https:\/\/pujos-photographie.fr\/wp-content\/uploads\/2017\/08\/roland-gorille_164x205_test1_WP-225x300.jpg 225w\" sizes=\"(max-width: 624px) 100vw, 624px\" \/><\/span><\/h3>\n<h3><\/h3>\n<h3 style=\"text-align: center;\"><span style=\"font-family: ArialMT, sans-serif;\">L&#8217; Horizon des Ev\u00e9nements, qu&#8217;on appelle aussi parfois &#8220;surface&#8221; du trou noir est la zone sph\u00e9rique qui d\u00e9limite la r\u00e9gion d\u2019o\u00f9 lumi\u00e8re et mati\u00e8re ne peuvent s\u2019\u00e9chapper. C\u2019est une sorte de point de non retour. C&#8217;est \u00e0 dire dans un continuum spatiotemporel un lieu et\/ou un moment \u00e0 partir duquel un \u00e9v\u00e8nement ou une action en cours ne peut plus \u00eatre arr\u00eat\u00e9e, ou \u00e0 partir duquel il devient impossible de revenir sur une d\u00e9cision. C&#8217;est le point d&#8217;irr\u00e9versibilit\u00e9 d&#8217;un processus, au del\u00e0 duquel la r\u00e9silience par exemple devient utopique<\/span><\/h3>\n<p><img loading=\"lazy\" class=\"aligncenter size-full wp-image-530\" src=\"http:\/\/pujos-photographie.fr\/wp-content\/uploads\/2017\/08\/07_43\u00b03154\uf020N-1\u00b03032\uf020O_WP.jpg\" alt=\"\" width=\"831\" height=\"580\" srcset=\"https:\/\/pujos-photographie.fr\/wp-content\/uploads\/2017\/08\/07_43\u00b03154\uf020N-1\u00b03032\uf020O_WP.jpg 831w, https:\/\/pujos-photographie.fr\/wp-content\/uploads\/2017\/08\/07_43\u00b03154\uf020N-1\u00b03032\uf020O_WP-300x209.jpg 300w, https:\/\/pujos-photographie.fr\/wp-content\/uploads\/2017\/08\/07_43\u00b03154\uf020N-1\u00b03032\uf020O_WP-768x536.jpg 768w\" sizes=\"(max-width: 831px) 100vw, 831px\" \/> <img loading=\"lazy\" class=\"aligncenter size-full wp-image-531\" src=\"http:\/\/pujos-photographie.fr\/wp-content\/uploads\/2017\/08\/09-43\u00b03154\uf020N-1\u00b03040\uf020O_WP.jpg\" alt=\"\" width=\"831\" height=\"580\" srcset=\"https:\/\/pujos-photographie.fr\/wp-content\/uploads\/2017\/08\/09-43\u00b03154\uf020N-1\u00b03040\uf020O_WP.jpg 831w, https:\/\/pujos-photographie.fr\/wp-content\/uploads\/2017\/08\/09-43\u00b03154\uf020N-1\u00b03040\uf020O_WP-300x209.jpg 300w, https:\/\/pujos-photographie.fr\/wp-content\/uploads\/2017\/08\/09-43\u00b03154\uf020N-1\u00b03040\uf020O_WP-768x536.jpg 768w\" sizes=\"(max-width: 831px) 100vw, 831px\" \/> <img loading=\"lazy\" class=\"aligncenter size-full wp-image-532\" src=\"http:\/\/pujos-photographie.fr\/wp-content\/uploads\/2017\/08\/43\u00b03150\uf020N-1\u00b03041\uf020O_WP.jpg\" alt=\"\" width=\"831\" height=\"580\" srcset=\"https:\/\/pujos-photographie.fr\/wp-content\/uploads\/2017\/08\/43\u00b03150\uf020N-1\u00b03041\uf020O_WP.jpg 831w, https:\/\/pujos-photographie.fr\/wp-content\/uploads\/2017\/08\/43\u00b03150\uf020N-1\u00b03041\uf020O_WP-300x209.jpg 300w, https:\/\/pujos-photographie.fr\/wp-content\/uploads\/2017\/08\/43\u00b03150\uf020N-1\u00b03041\uf020O_WP-768x536.jpg 768w\" sizes=\"(max-width: 831px) 100vw, 831px\" \/> <img loading=\"lazy\" class=\"aligncenter size-full wp-image-533\" src=\"http:\/\/pujos-photographie.fr\/wp-content\/uploads\/2017\/08\/48\u00b04809\uf020N-2\u00b01551\uf020O_WP.jpg\" alt=\"\" width=\"831\" height=\"670\" srcset=\"https:\/\/pujos-photographie.fr\/wp-content\/uploads\/2017\/08\/48\u00b04809\uf020N-2\u00b01551\uf020O_WP.jpg 831w, https:\/\/pujos-photographie.fr\/wp-content\/uploads\/2017\/08\/48\u00b04809\uf020N-2\u00b01551\uf020O_WP-300x242.jpg 300w, https:\/\/pujos-photographie.fr\/wp-content\/uploads\/2017\/08\/48\u00b04809\uf020N-2\u00b01551\uf020O_WP-768x619.jpg 768w\" sizes=\"(max-width: 831px) 100vw, 831px\" \/> <img loading=\"lazy\" class=\"aligncenter size-full wp-image-534\" src=\"http:\/\/pujos-photographie.fr\/wp-content\/uploads\/2017\/08\/49\u00b01915\uf020N-0\u00b02125\uf020O_WP.jpg\" alt=\"\" width=\"831\" height=\"580\" srcset=\"https:\/\/pujos-photographie.fr\/wp-content\/uploads\/2017\/08\/49\u00b01915\uf020N-0\u00b02125\uf020O_WP.jpg 831w, https:\/\/pujos-photographie.fr\/wp-content\/uploads\/2017\/08\/49\u00b01915\uf020N-0\u00b02125\uf020O_WP-300x209.jpg 300w, https:\/\/pujos-photographie.fr\/wp-content\/uploads\/2017\/08\/49\u00b01915\uf020N-0\u00b02125\uf020O_WP-768x536.jpg 768w\" sizes=\"(max-width: 831px) 100vw, 831px\" \/> <img loading=\"lazy\" class=\"aligncenter size-full wp-image-535\" src=\"http:\/\/pujos-photographie.fr\/wp-content\/uploads\/2017\/08\/49\u00b02021\uf020N-0\u00b03504\uf020O_WP.jpg\" alt=\"\" width=\"831\" height=\"580\" srcset=\"https:\/\/pujos-photographie.fr\/wp-content\/uploads\/2017\/08\/49\u00b02021\uf020N-0\u00b03504\uf020O_WP.jpg 831w, https:\/\/pujos-photographie.fr\/wp-content\/uploads\/2017\/08\/49\u00b02021\uf020N-0\u00b03504\uf020O_WP-300x209.jpg 300w, https:\/\/pujos-photographie.fr\/wp-content\/uploads\/2017\/08\/49\u00b02021\uf020N-0\u00b03504\uf020O_WP-768x536.jpg 768w\" sizes=\"(max-width: 831px) 100vw, 831px\" \/> <img loading=\"lazy\" class=\"aligncenter size-full wp-image-536\" src=\"http:\/\/pujos-photographie.fr\/wp-content\/uploads\/2017\/08\/49\u00b02030\uf020N-0\u00b03455\uf020O_WP.jpg\" alt=\"\" width=\"580\" height=\"831\" srcset=\"https:\/\/pujos-photographie.fr\/wp-content\/uploads\/2017\/08\/49\u00b02030\uf020N-0\u00b03455\uf020O_WP.jpg 580w, https:\/\/pujos-photographie.fr\/wp-content\/uploads\/2017\/08\/49\u00b02030\uf020N-0\u00b03455\uf020O_WP-209x300.jpg 209w\" sizes=\"(max-width: 580px) 100vw, 580px\" \/> <img loading=\"lazy\" class=\"aligncenter size-full wp-image-537\" src=\"http:\/\/pujos-photographie.fr\/wp-content\/uploads\/2017\/08\/49\u00b02030\uf020N-0\u00b03456\uf020O_WP.jpg\" alt=\"\" width=\"580\" height=\"831\" srcset=\"https:\/\/pujos-photographie.fr\/wp-content\/uploads\/2017\/08\/49\u00b02030\uf020N-0\u00b03456\uf020O_WP.jpg 580w, https:\/\/pujos-photographie.fr\/wp-content\/uploads\/2017\/08\/49\u00b02030\uf020N-0\u00b03456\uf020O_WP-209x300.jpg 209w\" sizes=\"(max-width: 580px) 100vw, 580px\" \/> <img loading=\"lazy\" class=\"aligncenter size-full wp-image-538\" src=\"http:\/\/pujos-photographie.fr\/wp-content\/uploads\/2017\/08\/brooklin_1_WP.jpg\" alt=\"\" width=\"1811\" height=\"2598\" srcset=\"https:\/\/pujos-photographie.fr\/wp-content\/uploads\/2017\/08\/brooklin_1_WP.jpg 1811w, https:\/\/pujos-photographie.fr\/wp-content\/uploads\/2017\/08\/brooklin_1_WP-209x300.jpg 209w, https:\/\/pujos-photographie.fr\/wp-content\/uploads\/2017\/08\/brooklin_1_WP-768x1102.jpg 768w, https:\/\/pujos-photographie.fr\/wp-content\/uploads\/2017\/08\/brooklin_1_WP-714x1024.jpg 714w\" sizes=\"(max-width: 1811px) 100vw, 1811px\" \/> <img loading=\"lazy\" class=\"aligncenter size-full wp-image-539\" src=\"http:\/\/pujos-photographie.fr\/wp-content\/uploads\/2017\/08\/brooklin_2_WP.jpg\" alt=\"\" width=\"1811\" height=\"2598\" srcset=\"https:\/\/pujos-photographie.fr\/wp-content\/uploads\/2017\/08\/brooklin_2_WP.jpg 1811w, https:\/\/pujos-photographie.fr\/wp-content\/uploads\/2017\/08\/brooklin_2_WP-209x300.jpg 209w, https:\/\/pujos-photographie.fr\/wp-content\/uploads\/2017\/08\/brooklin_2_WP-768x1102.jpg 768w, https:\/\/pujos-photographie.fr\/wp-content\/uploads\/2017\/08\/brooklin_2_WP-714x1024.jpg 714w\" sizes=\"(max-width: 1811px) 100vw, 1811px\" \/> <img loading=\"lazy\" class=\"aligncenter size-full wp-image-540\" src=\"http:\/\/pujos-photographie.fr\/wp-content\/uploads\/2017\/08\/chapelle_crosswalk_x20x96_WP.jpg\" alt=\"\" width=\"831\" height=\"831\" srcset=\"https:\/\/pujos-photographie.fr\/wp-content\/uploads\/2017\/08\/chapelle_crosswalk_x20x96_WP.jpg 831w, https:\/\/pujos-photographie.fr\/wp-content\/uploads\/2017\/08\/chapelle_crosswalk_x20x96_WP-150x150.jpg 150w, https:\/\/pujos-photographie.fr\/wp-content\/uploads\/2017\/08\/chapelle_crosswalk_x20x96_WP-300x300.jpg 300w, https:\/\/pujos-photographie.fr\/wp-content\/uploads\/2017\/08\/chapelle_crosswalk_x20x96_WP-768x768.jpg 768w\" sizes=\"(max-width: 831px) 100vw, 831px\" \/> <img loading=\"lazy\" class=\"aligncenter size-full wp-image-541\" src=\"http:\/\/pujos-photographie.fr\/wp-content\/uploads\/2017\/08\/LHDE_0\u00b04930\uf020N-0\u00b03452\uf020O_WP.jpg\" alt=\"\" width=\"580\" height=\"831\" srcset=\"https:\/\/pujos-photographie.fr\/wp-content\/uploads\/2017\/08\/LHDE_0\u00b04930\uf020N-0\u00b03452\uf020O_WP.jpg 580w, https:\/\/pujos-photographie.fr\/wp-content\/uploads\/2017\/08\/LHDE_0\u00b04930\uf020N-0\u00b03452\uf020O_WP-209x300.jpg 209w\" sizes=\"(max-width: 580px) 100vw, 580px\" \/> <img loading=\"lazy\" class=\"aligncenter size-full wp-image-542\" src=\"http:\/\/pujos-photographie.fr\/wp-content\/uploads\/2017\/08\/serre_1\u00b02132\uf020N-1\u00b02345\uf020O_WP.jpg\" alt=\"\" width=\"831\" height=\"580\" srcset=\"https:\/\/pujos-photographie.fr\/wp-content\/uploads\/2017\/08\/serre_1\u00b02132\uf020N-1\u00b02345\uf020O_WP.jpg 831w, https:\/\/pujos-photographie.fr\/wp-content\/uploads\/2017\/08\/serre_1\u00b02132\uf020N-1\u00b02345\uf020O_WP-300x209.jpg 300w, https:\/\/pujos-photographie.fr\/wp-content\/uploads\/2017\/08\/serre_1\u00b02132\uf020N-1\u00b02345\uf020O_WP-768x536.jpg 768w\" sizes=\"(max-width: 831px) 100vw, 831px\" \/><\/p>\n","protected":false},"excerpt":{"rendered":"<p>L&#8217; Horizon des Ev\u00e9nements, qu&#8217;on appelle aussi parfois &#8220;surface&#8221; du trou noir est la zone sph\u00e9rique qui d\u00e9limite la r\u00e9gion d\u2019o\u00f9 lumi\u00e8re et mati\u00e8re ne peuvent s\u2019\u00e9chapper. C\u2019est une sorte de point de non retour. C&#8217;est \u00e0 dire dans un continuum spatiotemporel un lieu et\/ou un moment \u00e0 partir duquel un \u00e9v\u00e8nement ou une action [&hellip;]<\/p>\n","protected":false},"author":1,"featured_media":0,"parent":0,"menu_order":0,"comment_status":"closed","ping_status":"closed","template":"","meta":[],"_links":{"self":[{"href":"https:\/\/pujos-photographie.fr\/index.php\/wp-json\/wp\/v2\/pages\/529"}],"collection":[{"href":"https:\/\/pujos-photographie.fr\/index.php\/wp-json\/wp\/v2\/pages"}],"about":[{"href":"https:\/\/pujos-photographie.fr\/index.php\/wp-json\/wp\/v2\/types\/page"}],"author":[{"embeddable":true,"href":"https:\/\/pujos-photographie.fr\/index.php\/wp-json\/wp\/v2\/users\/1"}],"replies":[{"embeddable":true,"href":"https:\/\/pujos-photographie.fr\/index.php\/wp-json\/wp\/v2\/comments?post=529"}],"version-history":[{"count":7,"href":"https:\/\/pujos-photographie.fr\/index.php\/wp-json\/wp\/v2\/pages\/529\/revisions"}],"predecessor-version":[{"id":639,"href":"https:\/\/pujos-photographie.fr\/index.php\/wp-json\/wp\/v2\/pages\/529\/revisions\/639"}],"wp:attachment":[{"href":"https:\/\/pujos-photographie.fr\/index.php\/wp-json\/wp\/v2\/media?parent=529"}],"curies":[{"name":"wp","href":"https:\/\/api.w.org\/{rel}","templated":true}]}}

<h3 style="text-align: center;"><span style="font-family: ArialMT, sans-serif;"><img loading="lazy" class="aligncenter size-full wp-image-637" src="http://pujos-photographie.fr/wp-content/uploads/2017/08/roland-gorille_164x205_test1_WP.jpg" alt="" width="624" height="831" srcset="https://pujos-photographie.fr/wp-content/uploads/2017/08/roland-gorille_164x205_test1_WP.jpg 624w, https://pujos-photographie.fr/wp-content/uploads/2017/08/roland-gorille_164x205_test1_WP-225x300.jpg 225w" sizes="(max-width: 624px) 100vw, 624px" /></span></h3>
<h3></h3>
<h3 style="text-align: center;"><span style="font-family: ArialMT, sans-serif;">L&#8217; Horizon des Evénements, qu&#8217;on appelle aussi parfois &#8220;surface&#8221; du trou noir est la zone sphérique qui délimite la région d’où lumière et matière ne peuvent s’échapper. C’est une sorte de point de non retour. C&#8217;est à dire dans un continuum spatiotemporel un lieu et/ou un moment à partir duquel un évènement ou une action en cours ne peut plus être arrêtée, ou à partir duquel il devient impossible de revenir sur une décision. C&#8217;est le point d&#8217;irréversibilité d&#8217;un processus, au delà duquel la résilience par exemple devient utopique</span></h3>
<p><img loading="lazy" class="aligncenter size-full wp-image-530" src="http://pujos-photographie.fr/wp-content/uploads/2017/08/07_43°3154N-1°3032O_WP.jpg" alt="" width="831" height="580" srcset="https://pujos-photographie.fr/wp-content/uploads/2017/08/07_43°3154N-1°3032O_WP.jpg 831w, https://pujos-photographie.fr/wp-content/uploads/2017/08/07_43°3154N-1°3032O_WP-300x209.jpg 300w, https://pujos-photographie.fr/wp-content/uploads/2017/08/07_43°3154N-1°3032O_WP-768x536.jpg 768w" sizes="(max-width: 831px) 100vw, 831px" /> <img loading="lazy" class="aligncenter size-full wp-image-531" src="http://pujos-photographie.fr/wp-content/uploads/2017/08/09-43°3154N-1°3040O_WP.jpg" alt="" width="831" height="580" srcset="https://pujos-photographie.fr/wp-content/uploads/2017/08/09-43°3154N-1°3040O_WP.jpg 831w, https://pujos-photographie.fr/wp-content/uploads/2017/08/09-43°3154N-1°3040O_WP-300x209.jpg 300w, https://pujos-photographie.fr/wp-content/uploads/2017/08/09-43°3154N-1°3040O_WP-768x536.jpg 768w" sizes="(max-width: 831px) 100vw, 831px" /> <img loading="lazy" class="aligncenter size-full wp-image-532" src="http://pujos-photographie.fr/wp-content/uploads/2017/08/43°3150N-1°3041O_WP.jpg" alt="" width="831" height="580" srcset="https://pujos-photographie.fr/wp-content/uploads/2017/08/43°3150N-1°3041O_WP.jpg 831w, https://pujos-photographie.fr/wp-content/uploads/2017/08/43°3150N-1°3041O_WP-300x209.jpg 300w, https://pujos-photographie.fr/wp-content/uploads/2017/08/43°3150N-1°3041O_WP-768x536.jpg 768w" sizes="(max-width: 831px) 100vw, 831px" /> <img loading="lazy" class="aligncenter size-full wp-image-533" src="http://pujos-photographie.fr/wp-content/uploads/2017/08/48°4809N-2°1551O_WP.jpg" alt="" width="831" height="670" srcset="https://pujos-photographie.fr/wp-content/uploads/2017/08/48°4809N-2°1551O_WP.jpg 831w, https://pujos-photographie.fr/wp-content/uploads/2017/08/48°4809N-2°1551O_WP-300x242.jpg 300w, https://pujos-photographie.fr/wp-content/uploads/2017/08/48°4809N-2°1551O_WP-768x619.jpg 768w" sizes="(max-width: 831px) 100vw, 831px" /> <img loading="lazy" class="aligncenter size-full wp-image-534" src="http://pujos-photographie.fr/wp-content/uploads/2017/08/49°1915N-0°2125O_WP.jpg" alt="" width="831" height="580" srcset="https://pujos-photographie.fr/wp-content/uploads/2017/08/49°1915N-0°2125O_WP.jpg 831w, https://pujos-photographie.fr/wp-content/uploads/2017/08/49°1915N-0°2125O_WP-300x209.jpg 300w, https://pujos-photographie.fr/wp-content/uploads/2017/08/49°1915N-0°2125O_WP-768x536.jpg 768w" sizes="(max-width: 831px) 100vw, 831px" /> <img loading="lazy" class="aligncenter size-full wp-image-535" src="http://pujos-photographie.fr/wp-content/uploads/2017/08/49°2021N-0°3504O_WP.jpg" alt="" width="831" height="580" srcset="https://pujos-photographie.fr/wp-content/uploads/2017/08/49°2021N-0°3504O_WP.jpg 831w, https://pujos-photographie.fr/wp-content/uploads/2017/08/49°2021N-0°3504O_WP-300x209.jpg 300w, https://pujos-photographie.fr/wp-content/uploads/2017/08/49°2021N-0°3504O_WP-768x536.jpg 768w" sizes="(max-width: 831px) 100vw, 831px" /> <img loading="lazy" class="aligncenter size-full wp-image-536" src="http://pujos-photographie.fr/wp-content/uploads/2017/08/49°2030N-0°3455O_WP.jpg" alt="" width="580" height="831" srcset="https://pujos-photographie.fr/wp-content/uploads/2017/08/49°2030N-0°3455O_WP.jpg 580w, https://pujos-photographie.fr/wp-content/uploads/2017/08/49°2030N-0°3455O_WP-209x300.jpg 209w" sizes="(max-width: 580px) 100vw, 580px" /> <img loading="lazy" class="aligncenter size-full wp-image-537" src="http://pujos-photographie.fr/wp-content/uploads/2017/08/49°2030N-0°3456O_WP.jpg" alt="" width="580" height="831" srcset="https://pujos-photographie.fr/wp-content/uploads/2017/08/49°2030N-0°3456O_WP.jpg 580w, https://pujos-photographie.fr/wp-content/uploads/2017/08/49°2030N-0°3456O_WP-209x300.jpg 209w" sizes="(max-width: 580px) 100vw, 580px" /> <img loading="lazy" class="aligncenter size-full wp-image-538" src="http://pujos-photographie.fr/wp-content/uploads/2017/08/brooklin_1_WP.jpg" alt="" width="1811" height="2598" srcset="https://pujos-photographie.fr/wp-content/uploads/2017/08/brooklin_1_WP.jpg 1811w, https://pujos-photographie.fr/wp-content/uploads/2017/08/brooklin_1_WP-209x300.jpg 209w, https://pujos-photographie.fr/wp-content/uploads/2017/08/brooklin_1_WP-768x1102.jpg 768w, https://pujos-photographie.fr/wp-content/uploads/2017/08/brooklin_1_WP-714x1024.jpg 714w" sizes="(max-width: 1811px) 100vw, 1811px" /> <img loading="lazy" class="aligncenter size-full wp-image-539" src="http://pujos-photographie.fr/wp-content/uploads/2017/08/brooklin_2_WP.jpg" alt="" width="1811" height="2598" srcset="https://pujos-photographie.fr/wp-content/uploads/2017/08/brooklin_2_WP.jpg 1811w, https://pujos-photographie.fr/wp-content/uploads/2017/08/brooklin_2_WP-209x300.jpg 209w, https://pujos-photographie.fr/wp-content/uploads/2017/08/brooklin_2_WP-768x1102.jpg 768w, https://pujos-photographie.fr/wp-content/uploads/2017/08/brooklin_2_WP-714x1024.jpg 714w" sizes="(max-width: 1811px) 100vw, 1811px" /> <img loading="lazy" class="aligncenter size-full wp-image-540" src="http://pujos-photographie.fr/wp-content/uploads/2017/08/chapelle_crosswalk_x20x96_WP.jpg" alt="" width="831" height="831" srcset="https://pujos-photographie.fr/wp-content/uploads/2017/08/chapelle_crosswalk_x20x96_WP.jpg 831w, https://pujos-photographie.fr/wp-content/uploads/2017/08/chapelle_crosswalk_x20x96_WP-150x150.jpg 150w, https://pujos-photographie.fr/wp-content/uploads/2017/08/chapelle_crosswalk_x20x96_WP-300x300.jpg 300w, https://pujos-photographie.fr/wp-content/uploads/2017/08/chapelle_crosswalk_x20x96_WP-768x768.jpg 768w" sizes="(max-width: 831px) 100vw, 831px" /> <img loading="lazy" class="aligncenter size-full wp-image-541" src="http://pujos-photographie.fr/wp-content/uploads/2017/08/LHDE_0°4930N-0°3452O_WP.jpg" alt="" width="580" height="831" srcset="https://pujos-photographie.fr/wp-content/uploads/2017/08/LHDE_0°4930N-0°3452O_WP.jpg 580w, https://pujos-photographie.fr/wp-content/uploads/2017/08/LHDE_0°4930N-0°3452O_WP-209x300.jpg 209w" sizes="(max-width: 580px) 100vw, 580px" /> <img loading="lazy" class="aligncenter size-full wp-image-542" src="http://pujos-photographie.fr/wp-content/uploads/2017/08/serre_1°2132N-1°2345O_WP.jpg" alt="" width="831" height="580" srcset="https://pujos-photographie.fr/wp-content/uploads/2017/08/serre_1°2132N-1°2345O_WP.jpg 831w, https://pujos-photographie.fr/wp-content/uploads/2017/08/serre_1°2132N-1°2345O_WP-300x209.jpg 300w, https://pujos-photographie.fr/wp-content/uploads/2017/08/serre_1°2132N-1°2345O_WP-768x536.jpg 768w" sizes="(max-width: 831px) 100vw, 831px" /></p>

<p>L&#8217; Horizon des Evénements, qu&#8217;on appelle aussi parfois &#8220;surface&#8221; du trou noir est la zone sphérique qui délimite la région d’où lumière et matière ne peuvent s’échapper. C’est une sorte de point de non retour. C&#8217;est à dire dans un continuum spatiotemporel un lieu et/ou un moment à partir duquel un évènement ou une action [&hellip;]</p>
