{"id":355,"date":"2017-08-01T12:45:10","date_gmt":"2017-08-01T10:45:10","guid":{"rendered":"http:\/\/pujos-photographie.fr\/?page_id=355"},"modified":"2017-08-07T19:44:00","modified_gmt":"2017-08-07T17:44:00","slug":"undertow","status":"publish","type":"page","link":"https:\/\/pujos-photographie.fr\/index.php\/undertow\/","title":{"rendered":"UNDERTOW"},"content":{"rendered":"<p align=\"CENTER\">Longtemps, on a consid\u00e9r\u00e9 la description comme une composante<\/p>\n<p align=\"CENTER\">secondaire de la fiction, tellement secondaire m\u00eame qu&#8217;elle \u00e9tait<\/p>\n<p align=\"CENTER\">tenue pour simplement d\u00e9corative, inutile importune m\u00eame puisque<\/p>\n<p align=\"CENTER\">elle interrompt le d\u00e9roulement de l&#8217;action porteuse ou charg\u00e9e de sens<\/p>\n<p align=\"CENTER\">et qui, aux yeux du lecteur traditionnel, importe seul.<\/p>\n<p align=\"CENTER\">Claude Simon<\/p>\n<p align=\"CENTER\">Le poisson cath\u00e9drale (1980)<\/p>\n<p align=\"CENTER\">Quatre Conf\u00e9rences (Les Editions de Minuit)<\/p>\n<p>&nbsp;<\/p>\n<p><img loading=\"lazy\" class=\"aligncenter size-full wp-image-575\" src=\"http:\/\/pujos-photographie.fr\/wp-content\/uploads\/2017\/08\/bauce_1_WP.jpg\" alt=\"\" width=\"831\" height=\"580\" srcset=\"https:\/\/pujos-photographie.fr\/wp-content\/uploads\/2017\/08\/bauce_1_WP.jpg 831w, https:\/\/pujos-photographie.fr\/wp-content\/uploads\/2017\/08\/bauce_1_WP-300x209.jpg 300w, https:\/\/pujos-photographie.fr\/wp-content\/uploads\/2017\/08\/bauce_1_WP-768x536.jpg 768w\" sizes=\"(max-width: 831px) 100vw, 831px\" \/> <img loading=\"lazy\" class=\"aligncenter size-full wp-image-576\" src=\"http:\/\/pujos-photographie.fr\/wp-content\/uploads\/2017\/08\/bauce_5_WP.jpg\" alt=\"\" width=\"831\" height=\"580\" srcset=\"https:\/\/pujos-photographie.fr\/wp-content\/uploads\/2017\/08\/bauce_5_WP.jpg 831w, https:\/\/pujos-photographie.fr\/wp-content\/uploads\/2017\/08\/bauce_5_WP-300x209.jpg 300w, https:\/\/pujos-photographie.fr\/wp-content\/uploads\/2017\/08\/bauce_5_WP-768x536.jpg 768w\" sizes=\"(max-width: 831px) 100vw, 831px\" \/> <img loading=\"lazy\" class=\"aligncenter size-full wp-image-577\" src=\"http:\/\/pujos-photographie.fr\/wp-content\/uploads\/2017\/08\/cote-de-nacre_11_WP.jpg\" alt=\"\" width=\"831\" height=\"580\" srcset=\"https:\/\/pujos-photographie.fr\/wp-content\/uploads\/2017\/08\/cote-de-nacre_11_WP.jpg 831w, https:\/\/pujos-photographie.fr\/wp-content\/uploads\/2017\/08\/cote-de-nacre_11_WP-300x209.jpg 300w, https:\/\/pujos-photographie.fr\/wp-content\/uploads\/2017\/08\/cote-de-nacre_11_WP-768x536.jpg 768w\" sizes=\"(max-width: 831px) 100vw, 831px\" \/> <img loading=\"lazy\" class=\"aligncenter size-full wp-image-578\" src=\"http:\/\/pujos-photographie.fr\/wp-content\/uploads\/2017\/08\/cote-de-nacre_15_WP.jpg\" alt=\"\" width=\"831\" height=\"580\" srcset=\"https:\/\/pujos-photographie.fr\/wp-content\/uploads\/2017\/08\/cote-de-nacre_15_WP.jpg 831w, https:\/\/pujos-photographie.fr\/wp-content\/uploads\/2017\/08\/cote-de-nacre_15_WP-300x209.jpg 300w, https:\/\/pujos-photographie.fr\/wp-content\/uploads\/2017\/08\/cote-de-nacre_15_WP-768x536.jpg 768w\" sizes=\"(max-width: 831px) 100vw, 831px\" \/> <img loading=\"lazy\" class=\"aligncenter size-full wp-image-579\" src=\"http:\/\/pujos-photographie.fr\/wp-content\/uploads\/2017\/08\/cote-de-nacre_17_WP.jpg\" alt=\"\" width=\"831\" height=\"580\" srcset=\"https:\/\/pujos-photographie.fr\/wp-content\/uploads\/2017\/08\/cote-de-nacre_17_WP.jpg 831w, https:\/\/pujos-photographie.fr\/wp-content\/uploads\/2017\/08\/cote-de-nacre_17_WP-300x209.jpg 300w, https:\/\/pujos-photographie.fr\/wp-content\/uploads\/2017\/08\/cote-de-nacre_17_WP-768x536.jpg 768w\" sizes=\"(max-width: 831px) 100vw, 831px\" \/> <img loading=\"lazy\" class=\"aligncenter size-full wp-image-580\" src=\"http:\/\/pujos-photographie.fr\/wp-content\/uploads\/2017\/08\/cote-de-nacre_WP.jpg\" alt=\"\" width=\"831\" height=\"580\" srcset=\"https:\/\/pujos-photographie.fr\/wp-content\/uploads\/2017\/08\/cote-de-nacre_WP.jpg 831w, https:\/\/pujos-photographie.fr\/wp-content\/uploads\/2017\/08\/cote-de-nacre_WP-300x209.jpg 300w, https:\/\/pujos-photographie.fr\/wp-content\/uploads\/2017\/08\/cote-de-nacre_WP-768x536.jpg 768w\" sizes=\"(max-width: 831px) 100vw, 831px\" \/> <img loading=\"lazy\" class=\"aligncenter size-full wp-image-581\" src=\"http:\/\/pujos-photographie.fr\/wp-content\/uploads\/2017\/08\/formentera_3_WP.jpg\" alt=\"\" width=\"831\" height=\"580\" srcset=\"https:\/\/pujos-photographie.fr\/wp-content\/uploads\/2017\/08\/formentera_3_WP.jpg 831w, https:\/\/pujos-photographie.fr\/wp-content\/uploads\/2017\/08\/formentera_3_WP-300x209.jpg 300w, https:\/\/pujos-photographie.fr\/wp-content\/uploads\/2017\/08\/formentera_3_WP-768x536.jpg 768w\" sizes=\"(max-width: 831px) 100vw, 831px\" \/> <img loading=\"lazy\" class=\"aligncenter size-full wp-image-582\" src=\"http:\/\/pujos-photographie.fr\/wp-content\/uploads\/2017\/08\/formentera_salines_3_WP.jpg\" alt=\"\" width=\"582\" height=\"831\" srcset=\"https:\/\/pujos-photographie.fr\/wp-content\/uploads\/2017\/08\/formentera_salines_3_WP.jpg 582w, https:\/\/pujos-photographie.fr\/wp-content\/uploads\/2017\/08\/formentera_salines_3_WP-210x300.jpg 210w\" sizes=\"(max-width: 582px) 100vw, 582px\" \/> <img loading=\"lazy\" class=\"aligncenter size-full wp-image-583\" src=\"http:\/\/pujos-photographie.fr\/wp-content\/uploads\/2017\/08\/formentera_salines2_1_WP.jpg\" alt=\"\" width=\"831\" height=\"580\" srcset=\"https:\/\/pujos-photographie.fr\/wp-content\/uploads\/2017\/08\/formentera_salines2_1_WP.jpg 831w, https:\/\/pujos-photographie.fr\/wp-content\/uploads\/2017\/08\/formentera_salines2_1_WP-300x209.jpg 300w, https:\/\/pujos-photographie.fr\/wp-content\/uploads\/2017\/08\/formentera_salines2_1_WP-768x536.jpg 768w\" sizes=\"(max-width: 831px) 100vw, 831px\" \/> <img loading=\"lazy\" class=\"aligncenter size-full wp-image-584\" src=\"http:\/\/pujos-photographie.fr\/wp-content\/uploads\/2017\/08\/Giants-Causeway_1_WP.jpg\" alt=\"\" width=\"580\" height=\"831\" srcset=\"https:\/\/pujos-photographie.fr\/wp-content\/uploads\/2017\/08\/Giants-Causeway_1_WP.jpg 580w, https:\/\/pujos-photographie.fr\/wp-content\/uploads\/2017\/08\/Giants-Causeway_1_WP-209x300.jpg 209w\" sizes=\"(max-width: 580px) 100vw, 580px\" \/> <img loading=\"lazy\" class=\"aligncenter size-full wp-image-585\" src=\"http:\/\/pujos-photographie.fr\/wp-content\/uploads\/2017\/08\/laxia-1_WP.jpg\" alt=\"\" width=\"2112\" height=\"2112\" srcset=\"https:\/\/pujos-photographie.fr\/wp-content\/uploads\/2017\/08\/laxia-1_WP.jpg 2112w, https:\/\/pujos-photographie.fr\/wp-content\/uploads\/2017\/08\/laxia-1_WP-150x150.jpg 150w, https:\/\/pujos-photographie.fr\/wp-content\/uploads\/2017\/08\/laxia-1_WP-300x300.jpg 300w, https:\/\/pujos-photographie.fr\/wp-content\/uploads\/2017\/08\/laxia-1_WP-768x768.jpg 768w, https:\/\/pujos-photographie.fr\/wp-content\/uploads\/2017\/08\/laxia-1_WP-1024x1024.jpg 1024w\" sizes=\"(max-width: 2112px) 100vw, 2112px\" \/> <img loading=\"lazy\" class=\"aligncenter size-full wp-image-586\" src=\"http:\/\/pujos-photographie.fr\/wp-content\/uploads\/2017\/08\/laxia-5_WP.jpg\" alt=\"\" width=\"2112\" height=\"2112\" srcset=\"https:\/\/pujos-photographie.fr\/wp-content\/uploads\/2017\/08\/laxia-5_WP.jpg 2112w, https:\/\/pujos-photographie.fr\/wp-content\/uploads\/2017\/08\/laxia-5_WP-150x150.jpg 150w, https:\/\/pujos-photographie.fr\/wp-content\/uploads\/2017\/08\/laxia-5_WP-300x300.jpg 300w, https:\/\/pujos-photographie.fr\/wp-content\/uploads\/2017\/08\/laxia-5_WP-768x768.jpg 768w, https:\/\/pujos-photographie.fr\/wp-content\/uploads\/2017\/08\/laxia-5_WP-1024x1024.jpg 1024w\" sizes=\"(max-width: 2112px) 100vw, 2112px\" \/> <img loading=\"lazy\" class=\"aligncenter size-full wp-image-587\" src=\"http:\/\/pujos-photographie.fr\/wp-content\/uploads\/2017\/08\/louvres_WP.jpg\" alt=\"\" width=\"831\" height=\"611\" srcset=\"https:\/\/pujos-photographie.fr\/wp-content\/uploads\/2017\/08\/louvres_WP.jpg 831w, https:\/\/pujos-photographie.fr\/wp-content\/uploads\/2017\/08\/louvres_WP-300x221.jpg 300w, https:\/\/pujos-photographie.fr\/wp-content\/uploads\/2017\/08\/louvres_WP-768x565.jpg 768w\" sizes=\"(max-width: 831px) 100vw, 831px\" \/> <img loading=\"lazy\" class=\"aligncenter size-full wp-image-588\" src=\"http:\/\/pujos-photographie.fr\/wp-content\/uploads\/2017\/08\/sylt_WP.jpg\" alt=\"\" width=\"831\" height=\"580\" srcset=\"https:\/\/pujos-photographie.fr\/wp-content\/uploads\/2017\/08\/sylt_WP.jpg 831w, https:\/\/pujos-photographie.fr\/wp-content\/uploads\/2017\/08\/sylt_WP-300x209.jpg 300w, https:\/\/pujos-photographie.fr\/wp-content\/uploads\/2017\/08\/sylt_WP-768x536.jpg 768w\" sizes=\"(max-width: 831px) 100vw, 831px\" \/><\/p>\n","protected":false},"excerpt":{"rendered":"<p>Longtemps, on a consid\u00e9r\u00e9 la description comme une composante secondaire de la fiction, tellement secondaire m\u00eame qu&#8217;elle \u00e9tait tenue pour simplement d\u00e9corative, inutile importune m\u00eame puisque elle interrompt le d\u00e9roulement de l&#8217;action porteuse ou charg\u00e9e de sens et qui, aux yeux du lecteur traditionnel, importe seul. Claude Simon Le poisson cath\u00e9drale (1980) Quatre Conf\u00e9rences (Les [&hellip;]<\/p>\n","protected":false},"author":1,"featured_media":0,"parent":0,"menu_order":0,"comment_status":"closed","ping_status":"closed","template":"","meta":[],"_links":{"self":[{"href":"https:\/\/pujos-photographie.fr\/index.php\/wp-json\/wp\/v2\/pages\/355"}],"collection":[{"href":"https:\/\/pujos-photographie.fr\/index.php\/wp-json\/wp\/v2\/pages"}],"about":[{"href":"https:\/\/pujos-photographie.fr\/index.php\/wp-json\/wp\/v2\/types\/page"}],"author":[{"embeddable":true,"href":"https:\/\/pujos-photographie.fr\/index.php\/wp-json\/wp\/v2\/users\/1"}],"replies":[{"embeddable":true,"href":"https:\/\/pujos-photographie.fr\/index.php\/wp-json\/wp\/v2\/comments?post=355"}],"version-history":[{"count":4,"href":"https:\/\/pujos-photographie.fr\/index.php\/wp-json\/wp\/v2\/pages\/355\/revisions"}],"predecessor-version":[{"id":589,"href":"https:\/\/pujos-photographie.fr\/index.php\/wp-json\/wp\/v2\/pages\/355\/revisions\/589"}],"wp:attachment":[{"href":"https:\/\/pujos-photographie.fr\/index.php\/wp-json\/wp\/v2\/media?parent=355"}],"curies":[{"name":"wp","href":"https:\/\/api.w.org\/{rel}","templated":true}]}}

<p align="CENTER">Longtemps, on a considéré la description comme une composante</p>
<p align="CENTER">secondaire de la fiction, tellement secondaire même qu&#8217;elle était</p>
<p align="CENTER">tenue pour simplement décorative, inutile importune même puisque</p>
<p align="CENTER">elle interrompt le déroulement de l&#8217;action porteuse ou chargée de sens</p>
<p align="CENTER">et qui, aux yeux du lecteur traditionnel, importe seul.</p>
<p align="CENTER">Claude Simon</p>
<p align="CENTER">Le poisson cathédrale (1980)</p>
<p align="CENTER">Quatre Conférences (Les Editions de Minuit)</p>
<p>&nbsp;</p>
<p><img loading="lazy" class="aligncenter size-full wp-image-575" src="http://pujos-photographie.fr/wp-content/uploads/2017/08/bauce_1_WP.jpg" alt="" width="831" height="580" srcset="https://pujos-photographie.fr/wp-content/uploads/2017/08/bauce_1_WP.jpg 831w, https://pujos-photographie.fr/wp-content/uploads/2017/08/bauce_1_WP-300x209.jpg 300w, https://pujos-photographie.fr/wp-content/uploads/2017/08/bauce_1_WP-768x536.jpg 768w" sizes="(max-width: 831px) 100vw, 831px" /> <img loading="lazy" class="aligncenter size-full wp-image-576" src="http://pujos-photographie.fr/wp-content/uploads/2017/08/bauce_5_WP.jpg" alt="" width="831" height="580" srcset="https://pujos-photographie.fr/wp-content/uploads/2017/08/bauce_5_WP.jpg 831w, https://pujos-photographie.fr/wp-content/uploads/2017/08/bauce_5_WP-300x209.jpg 300w, https://pujos-photographie.fr/wp-content/uploads/2017/08/bauce_5_WP-768x536.jpg 768w" sizes="(max-width: 831px) 100vw, 831px" /> <img loading="lazy" class="aligncenter size-full wp-image-577" src="http://pujos-photographie.fr/wp-content/uploads/2017/08/cote-de-nacre_11_WP.jpg" alt="" width="831" height="580" srcset="https://pujos-photographie.fr/wp-content/uploads/2017/08/cote-de-nacre_11_WP.jpg 831w, https://pujos-photographie.fr/wp-content/uploads/2017/08/cote-de-nacre_11_WP-300x209.jpg 300w, https://pujos-photographie.fr/wp-content/uploads/2017/08/cote-de-nacre_11_WP-768x536.jpg 768w" sizes="(max-width: 831px) 100vw, 831px" /> <img loading="lazy" class="aligncenter size-full wp-image-578" src="http://pujos-photographie.fr/wp-content/uploads/2017/08/cote-de-nacre_15_WP.jpg" alt="" width="831" height="580" srcset="https://pujos-photographie.fr/wp-content/uploads/2017/08/cote-de-nacre_15_WP.jpg 831w, https://pujos-photographie.fr/wp-content/uploads/2017/08/cote-de-nacre_15_WP-300x209.jpg 300w, https://pujos-photographie.fr/wp-content/uploads/2017/08/cote-de-nacre_15_WP-768x536.jpg 768w" sizes="(max-width: 831px) 100vw, 831px" /> <img loading="lazy" class="aligncenter size-full wp-image-579" src="http://pujos-photographie.fr/wp-content/uploads/2017/08/cote-de-nacre_17_WP.jpg" alt="" width="831" height="580" srcset="https://pujos-photographie.fr/wp-content/uploads/2017/08/cote-de-nacre_17_WP.jpg 831w, https://pujos-photographie.fr/wp-content/uploads/2017/08/cote-de-nacre_17_WP-300x209.jpg 300w, https://pujos-photographie.fr/wp-content/uploads/2017/08/cote-de-nacre_17_WP-768x536.jpg 768w" sizes="(max-width: 831px) 100vw, 831px" /> <img loading="lazy" class="aligncenter size-full wp-image-580" src="http://pujos-photographie.fr/wp-content/uploads/2017/08/cote-de-nacre_WP.jpg" alt="" width="831" height="580" srcset="https://pujos-photographie.fr/wp-content/uploads/2017/08/cote-de-nacre_WP.jpg 831w, https://pujos-photographie.fr/wp-content/uploads/2017/08/cote-de-nacre_WP-300x209.jpg 300w, https://pujos-photographie.fr/wp-content/uploads/2017/08/cote-de-nacre_WP-768x536.jpg 768w" sizes="(max-width: 831px) 100vw, 831px" /> <img loading="lazy" class="aligncenter size-full wp-image-581" src="http://pujos-photographie.fr/wp-content/uploads/2017/08/formentera_3_WP.jpg" alt="" width="831" height="580" srcset="https://pujos-photographie.fr/wp-content/uploads/2017/08/formentera_3_WP.jpg 831w, https://pujos-photographie.fr/wp-content/uploads/2017/08/formentera_3_WP-300x209.jpg 300w, https://pujos-photographie.fr/wp-content/uploads/2017/08/formentera_3_WP-768x536.jpg 768w" sizes="(max-width: 831px) 100vw, 831px" /> <img loading="lazy" class="aligncenter size-full wp-image-582" src="http://pujos-photographie.fr/wp-content/uploads/2017/08/formentera_salines_3_WP.jpg" alt="" width="582" height="831" srcset="https://pujos-photographie.fr/wp-content/uploads/2017/08/formentera_salines_3_WP.jpg 582w, https://pujos-photographie.fr/wp-content/uploads/2017/08/formentera_salines_3_WP-210x300.jpg 210w" sizes="(max-width: 582px) 100vw, 582px" /> <img loading="lazy" class="aligncenter size-full wp-image-583" src="http://pujos-photographie.fr/wp-content/uploads/2017/08/formentera_salines2_1_WP.jpg" alt="" width="831" height="580" srcset="https://pujos-photographie.fr/wp-content/uploads/2017/08/formentera_salines2_1_WP.jpg 831w, https://pujos-photographie.fr/wp-content/uploads/2017/08/formentera_salines2_1_WP-300x209.jpg 300w, https://pujos-photographie.fr/wp-content/uploads/2017/08/formentera_salines2_1_WP-768x536.jpg 768w" sizes="(max-width: 831px) 100vw, 831px" /> <img loading="lazy" class="aligncenter size-full wp-image-584" src="http://pujos-photographie.fr/wp-content/uploads/2017/08/Giants-Causeway_1_WP.jpg" alt="" width="580" height="831" srcset="https://pujos-photographie.fr/wp-content/uploads/2017/08/Giants-Causeway_1_WP.jpg 580w, https://pujos-photographie.fr/wp-content/uploads/2017/08/Giants-Causeway_1_WP-209x300.jpg 209w" sizes="(max-width: 580px) 100vw, 580px" /> <img loading="lazy" class="aligncenter size-full wp-image-585" src="http://pujos-photographie.fr/wp-content/uploads/2017/08/laxia-1_WP.jpg" alt="" width="2112" height="2112" srcset="https://pujos-photographie.fr/wp-content/uploads/2017/08/laxia-1_WP.jpg 2112w, https://pujos-photographie.fr/wp-content/uploads/2017/08/laxia-1_WP-150x150.jpg 150w, https://pujos-photographie.fr/wp-content/uploads/2017/08/laxia-1_WP-300x300.jpg 300w, https://pujos-photographie.fr/wp-content/uploads/2017/08/laxia-1_WP-768x768.jpg 768w, https://pujos-photographie.fr/wp-content/uploads/2017/08/laxia-1_WP-1024x1024.jpg 1024w" sizes="(max-width: 2112px) 100vw, 2112px" /> <img loading="lazy" class="aligncenter size-full wp-image-586" src="http://pujos-photographie.fr/wp-content/uploads/2017/08/laxia-5_WP.jpg" alt="" width="2112" height="2112" srcset="https://pujos-photographie.fr/wp-content/uploads/2017/08/laxia-5_WP.jpg 2112w, https://pujos-photographie.fr/wp-content/uploads/2017/08/laxia-5_WP-150x150.jpg 150w, https://pujos-photographie.fr/wp-content/uploads/2017/08/laxia-5_WP-300x300.jpg 300w, https://pujos-photographie.fr/wp-content/uploads/2017/08/laxia-5_WP-768x768.jpg 768w, https://pujos-photographie.fr/wp-content/uploads/2017/08/laxia-5_WP-1024x1024.jpg 1024w" sizes="(max-width: 2112px) 100vw, 2112px" /> <img loading="lazy" class="aligncenter size-full wp-image-587" src="http://pujos-photographie.fr/wp-content/uploads/2017/08/louvres_WP.jpg" alt="" width="831" height="611" srcset="https://pujos-photographie.fr/wp-content/uploads/2017/08/louvres_WP.jpg 831w, https://pujos-photographie.fr/wp-content/uploads/2017/08/louvres_WP-300x221.jpg 300w, https://pujos-photographie.fr/wp-content/uploads/2017/08/louvres_WP-768x565.jpg 768w" sizes="(max-width: 831px) 100vw, 831px" /> <img loading="lazy" class="aligncenter size-full wp-image-588" src="http://pujos-photographie.fr/wp-content/uploads/2017/08/sylt_WP.jpg" alt="" width="831" height="580" srcset="https://pujos-photographie.fr/wp-content/uploads/2017/08/sylt_WP.jpg 831w, https://pujos-photographie.fr/wp-content/uploads/2017/08/sylt_WP-300x209.jpg 300w, https://pujos-photographie.fr/wp-content/uploads/2017/08/sylt_WP-768x536.jpg 768w" sizes="(max-width: 831px) 100vw, 831px" /></p>

<p>Longtemps, on a considéré la description comme une composante secondaire de la fiction, tellement secondaire même qu&#8217;elle était tenue pour simplement décorative, inutile importune même puisque elle interrompt le déroulement de l&#8217;action porteuse ou chargée de sens et qui, aux yeux du lecteur traditionnel, importe seul. Claude Simon Le poisson cathédrale (1980) Quatre Conférences (Les [&hellip;]</p>
