{"id":219,"date":"2017-07-31T12:32:08","date_gmt":"2017-07-31T10:32:08","guid":{"rendered":"http:\/\/pujos-photographie.fr\/?page_id=219"},"modified":"2017-08-07T19:08:46","modified_gmt":"2017-08-07T17:08:46","slug":"near-death-experience","status":"publish","type":"page","link":"https:\/\/pujos-photographie.fr\/index.php\/near-death-experience\/","title":{"rendered":"NEAR DEATH EXPERIENCE"},"content":{"rendered":"<p style=\"text-align: center;\">Rester pos\u00e9 sur une pierre tombale, un m\u00e8tre au dessus d&#8217;une d\u00e9pouille est une exp\u00e9rience qui laisse fatalement des traces.<\/p>\n<p style=\"text-align: center;\">Ces\u00a0bouquets en sont les\u00a0t\u00e9moins.<\/p>\n<p style=\"text-align: center;\">j&#8217;ai constat\u00e9 que les plus r\u00e9cents n&#8217;\u00e9taient pas les mieux conserv\u00e9s. Il m&#8217;est alors venu \u00e0 l&#8217;esprit que leur fra\u00eecheur n&#8217;avait \u00e0 voir ni avec le temps, ni avec leur qualit\u00e9 propre.<\/p>\n<p style=\"text-align: center;\">Sans\u00a0tricherie possible, ils s&#8217;impr\u00e8gnent du caract\u00e8re de la personne qu&#8217;ils doivent honorer.<\/p>\n<p style=\"text-align: center;\">Chacun leur tour je les ai emprunt\u00e9s une journ\u00e9e, photographi\u00e9s, puis remis \u00e0 leur place pour qu&#8217;ils continuent \u00e0 t\u00e9moigner.<\/p>\n<p style=\"text-align: center;\">L\u2019amour,\u00a0la\u00a0haine,l\u2019hypocrisie,\u00a0la\u00a0mansu\u00e9tude\u00a0tout\u00a0est\u00a0l\u00e0,\u00a0\u00e0\u00a0la\u00a0surface<\/p>\n<p style=\"text-align: center;\">des cimeti\u00e8res,\u00a0visible\u00a0de\u00a0tous,\u00a0jusqu\u2019au m\u00e9lange de la fosse commune qui efface l&#8217;individu.<\/p>\n<p>&nbsp;<\/p>\n<p><span style=\"font-size: large;\"><img loading=\"lazy\" class=\"aligncenter size-full wp-image-553\" src=\"http:\/\/pujos-photographie.fr\/wp-content\/uploads\/2017\/07\/25-melissandre-fleury_WP.jpg\" alt=\"\" width=\"831\" height=\"831\" srcset=\"https:\/\/pujos-photographie.fr\/wp-content\/uploads\/2017\/07\/25-melissandre-fleury_WP.jpg 831w, https:\/\/pujos-photographie.fr\/wp-content\/uploads\/2017\/07\/25-melissandre-fleury_WP-150x150.jpg 150w, https:\/\/pujos-photographie.fr\/wp-content\/uploads\/2017\/07\/25-melissandre-fleury_WP-300x300.jpg 300w, https:\/\/pujos-photographie.fr\/wp-content\/uploads\/2017\/07\/25-melissandre-fleury_WP-768x768.jpg 768w\" sizes=\"(max-width: 831px) 100vw, 831px\" \/> <img loading=\"lazy\" class=\"aligncenter size-full wp-image-554\" src=\"http:\/\/pujos-photographie.fr\/wp-content\/uploads\/2017\/07\/Alberta-Delmonte_WP.jpg\" alt=\"\" width=\"831\" height=\"831\" srcset=\"https:\/\/pujos-photographie.fr\/wp-content\/uploads\/2017\/07\/Alberta-Delmonte_WP.jpg 831w, https:\/\/pujos-photographie.fr\/wp-content\/uploads\/2017\/07\/Alberta-Delmonte_WP-150x150.jpg 150w, https:\/\/pujos-photographie.fr\/wp-content\/uploads\/2017\/07\/Alberta-Delmonte_WP-300x300.jpg 300w, https:\/\/pujos-photographie.fr\/wp-content\/uploads\/2017\/07\/Alberta-Delmonte_WP-768x768.jpg 768w\" sizes=\"(max-width: 831px) 100vw, 831px\" \/> <img loading=\"lazy\" class=\"aligncenter size-full wp-image-555\" src=\"http:\/\/pujos-photographie.fr\/wp-content\/uploads\/2017\/07\/Alice-Libault_WP.jpg\" alt=\"\" width=\"831\" height=\"831\" srcset=\"https:\/\/pujos-photographie.fr\/wp-content\/uploads\/2017\/07\/Alice-Libault_WP.jpg 831w, https:\/\/pujos-photographie.fr\/wp-content\/uploads\/2017\/07\/Alice-Libault_WP-150x150.jpg 150w, https:\/\/pujos-photographie.fr\/wp-content\/uploads\/2017\/07\/Alice-Libault_WP-300x300.jpg 300w, https:\/\/pujos-photographie.fr\/wp-content\/uploads\/2017\/07\/Alice-Libault_WP-768x768.jpg 768w\" sizes=\"(max-width: 831px) 100vw, 831px\" \/> <img loading=\"lazy\" class=\"aligncenter size-full wp-image-556\" src=\"http:\/\/pujos-photographie.fr\/wp-content\/uploads\/2017\/07\/Andr\u00e9-Simonin_WP.jpg\" alt=\"\" width=\"831\" height=\"831\" srcset=\"https:\/\/pujos-photographie.fr\/wp-content\/uploads\/2017\/07\/Andr\u00e9-Simonin_WP.jpg 831w, https:\/\/pujos-photographie.fr\/wp-content\/uploads\/2017\/07\/Andr\u00e9-Simonin_WP-150x150.jpg 150w, https:\/\/pujos-photographie.fr\/wp-content\/uploads\/2017\/07\/Andr\u00e9-Simonin_WP-300x300.jpg 300w, https:\/\/pujos-photographie.fr\/wp-content\/uploads\/2017\/07\/Andr\u00e9-Simonin_WP-768x768.jpg 768w\" sizes=\"(max-width: 831px) 100vw, 831px\" \/> <img loading=\"lazy\" class=\"aligncenter size-full wp-image-557\" src=\"http:\/\/pujos-photographie.fr\/wp-content\/uploads\/2017\/07\/fleur17-20x20-RVB-CA-CS-comme1_WP.jpg\" alt=\"\" width=\"831\" height=\"831\" srcset=\"https:\/\/pujos-photographie.fr\/wp-content\/uploads\/2017\/07\/fleur17-20x20-RVB-CA-CS-comme1_WP.jpg 831w, https:\/\/pujos-photographie.fr\/wp-content\/uploads\/2017\/07\/fleur17-20x20-RVB-CA-CS-comme1_WP-150x150.jpg 150w, https:\/\/pujos-photographie.fr\/wp-content\/uploads\/2017\/07\/fleur17-20x20-RVB-CA-CS-comme1_WP-300x300.jpg 300w, https:\/\/pujos-photographie.fr\/wp-content\/uploads\/2017\/07\/fleur17-20x20-RVB-CA-CS-comme1_WP-768x768.jpg 768w\" sizes=\"(max-width: 831px) 100vw, 831px\" \/> <img loading=\"lazy\" class=\"aligncenter size-full wp-image-558\" src=\"http:\/\/pujos-photographie.fr\/wp-content\/uploads\/2017\/07\/Francette-Jarne_WP.jpg\" alt=\"\" width=\"831\" height=\"831\" srcset=\"https:\/\/pujos-photographie.fr\/wp-content\/uploads\/2017\/07\/Francette-Jarne_WP.jpg 831w, https:\/\/pujos-photographie.fr\/wp-content\/uploads\/2017\/07\/Francette-Jarne_WP-150x150.jpg 150w, https:\/\/pujos-photographie.fr\/wp-content\/uploads\/2017\/07\/Francette-Jarne_WP-300x300.jpg 300w, https:\/\/pujos-photographie.fr\/wp-content\/uploads\/2017\/07\/Francette-Jarne_WP-768x768.jpg 768w\" sizes=\"(max-width: 831px) 100vw, 831px\" \/> <img loading=\"lazy\" class=\"aligncenter size-full wp-image-559\" src=\"http:\/\/pujos-photographie.fr\/wp-content\/uploads\/2017\/07\/Gratien-Mirougue_WP.jpg\" alt=\"\" width=\"831\" height=\"831\" srcset=\"https:\/\/pujos-photographie.fr\/wp-content\/uploads\/2017\/07\/Gratien-Mirougue_WP.jpg 831w, https:\/\/pujos-photographie.fr\/wp-content\/uploads\/2017\/07\/Gratien-Mirougue_WP-150x150.jpg 150w, https:\/\/pujos-photographie.fr\/wp-content\/uploads\/2017\/07\/Gratien-Mirougue_WP-300x300.jpg 300w, https:\/\/pujos-photographie.fr\/wp-content\/uploads\/2017\/07\/Gratien-Mirougue_WP-768x768.jpg 768w\" sizes=\"(max-width: 831px) 100vw, 831px\" \/> <img loading=\"lazy\" class=\"aligncenter size-full wp-image-560\" src=\"http:\/\/pujos-photographie.fr\/wp-content\/uploads\/2017\/07\/Jeanne-Farmone_WP.jpg\" alt=\"\" width=\"831\" height=\"831\" srcset=\"https:\/\/pujos-photographie.fr\/wp-content\/uploads\/2017\/07\/Jeanne-Farmone_WP.jpg 831w, https:\/\/pujos-photographie.fr\/wp-content\/uploads\/2017\/07\/Jeanne-Farmone_WP-150x150.jpg 150w, https:\/\/pujos-photographie.fr\/wp-content\/uploads\/2017\/07\/Jeanne-Farmone_WP-300x300.jpg 300w, https:\/\/pujos-photographie.fr\/wp-content\/uploads\/2017\/07\/Jeanne-Farmone_WP-768x768.jpg 768w\" sizes=\"(max-width: 831px) 100vw, 831px\" \/> <img loading=\"lazy\" class=\"aligncenter size-full wp-image-561\" src=\"http:\/\/pujos-photographie.fr\/wp-content\/uploads\/2017\/07\/Marilyse-Verenne_WP.jpg\" alt=\"\" width=\"831\" height=\"831\" srcset=\"https:\/\/pujos-photographie.fr\/wp-content\/uploads\/2017\/07\/Marilyse-Verenne_WP.jpg 831w, https:\/\/pujos-photographie.fr\/wp-content\/uploads\/2017\/07\/Marilyse-Verenne_WP-150x150.jpg 150w, https:\/\/pujos-photographie.fr\/wp-content\/uploads\/2017\/07\/Marilyse-Verenne_WP-300x300.jpg 300w, https:\/\/pujos-photographie.fr\/wp-content\/uploads\/2017\/07\/Marilyse-Verenne_WP-768x768.jpg 768w\" sizes=\"(max-width: 831px) 100vw, 831px\" \/> <img loading=\"lazy\" class=\"aligncenter size-full wp-image-562\" src=\"http:\/\/pujos-photographie.fr\/wp-content\/uploads\/2017\/07\/Robert-Huron_WP.jpg\" alt=\"\" width=\"831\" height=\"831\" srcset=\"https:\/\/pujos-photographie.fr\/wp-content\/uploads\/2017\/07\/Robert-Huron_WP.jpg 831w, https:\/\/pujos-photographie.fr\/wp-content\/uploads\/2017\/07\/Robert-Huron_WP-150x150.jpg 150w, https:\/\/pujos-photographie.fr\/wp-content\/uploads\/2017\/07\/Robert-Huron_WP-300x300.jpg 300w, https:\/\/pujos-photographie.fr\/wp-content\/uploads\/2017\/07\/Robert-Huron_WP-768x768.jpg 768w\" sizes=\"(max-width: 831px) 100vw, 831px\" \/>\u00a0<\/span><\/p>\n<p>&nbsp;<\/p>\n<p>&nbsp;<\/p>\n<p>&nbsp;<\/p>\n","protected":false},"excerpt":{"rendered":"<p>Rester pos\u00e9 sur une pierre tombale, un m\u00e8tre au dessus d&#8217;une d\u00e9pouille est une exp\u00e9rience qui laisse fatalement des traces. Ces\u00a0bouquets en sont les\u00a0t\u00e9moins. j&#8217;ai constat\u00e9 que les plus r\u00e9cents n&#8217;\u00e9taient pas les mieux conserv\u00e9s. Il m&#8217;est alors venu \u00e0 l&#8217;esprit que leur fra\u00eecheur n&#8217;avait \u00e0 voir ni avec le temps, ni avec leur qualit\u00e9 [&hellip;]<\/p>\n","protected":false},"author":1,"featured_media":0,"parent":0,"menu_order":0,"comment_status":"closed","ping_status":"closed","template":"","meta":[],"_links":{"self":[{"href":"https:\/\/pujos-photographie.fr\/index.php\/wp-json\/wp\/v2\/pages\/219"}],"collection":[{"href":"https:\/\/pujos-photographie.fr\/index.php\/wp-json\/wp\/v2\/pages"}],"about":[{"href":"https:\/\/pujos-photographie.fr\/index.php\/wp-json\/wp\/v2\/types\/page"}],"author":[{"embeddable":true,"href":"https:\/\/pujos-photographie.fr\/index.php\/wp-json\/wp\/v2\/users\/1"}],"replies":[{"embeddable":true,"href":"https:\/\/pujos-photographie.fr\/index.php\/wp-json\/wp\/v2\/comments?post=219"}],"version-history":[{"count":7,"href":"https:\/\/pujos-photographie.fr\/index.php\/wp-json\/wp\/v2\/pages\/219\/revisions"}],"predecessor-version":[{"id":565,"href":"https:\/\/pujos-photographie.fr\/index.php\/wp-json\/wp\/v2\/pages\/219\/revisions\/565"}],"wp:attachment":[{"href":"https:\/\/pujos-photographie.fr\/index.php\/wp-json\/wp\/v2\/media?parent=219"}],"curies":[{"name":"wp","href":"https:\/\/api.w.org\/{rel}","templated":true}]}}